he prime factors of 456686524.
2, 7, 233, 70001
What are the prime factors of 1263641826?
2, 3, 73, 281, 10267
List the prime factors of 1791942831.
3, 7, 3160393
What are the prime factors of 2814142597?
7, 2143, 187597
What are the prime factors of 106763859?
3, 17, 163, 1427
List the prime factors of 93314046.
2, 3, 7, 59, 37657
List the prime factors of 903168241.
67, 13480123
List the prime factors of 181495339.
251, 723089
List the prime factors of 48864446.
2, 24432223
What are the prime factors of 564782253?
3, 7, 43, 625451
What are the prime factors of 291046401?
3, 73, 139, 3187
What are the prime factors of 615102822?
2, 3, 263, 14437
What are the prime factors of 288776886?
2, 3, 367, 131143
What are the prime factors of 947281574?
2, 71, 79, 84443
List the prime factors of 2826640590.
2, 3, 5, 94221353
What are the prime factors of 6038552134?
2, 457, 6606731
List the prime factors of 254365848.
2, 3, 11, 321169
What are the prime factors of 119692680?
2, 3, 5, 997439
List the prime factors of 862547804.
2, 215636951
What are the prime factors of 62238702?
2, 3, 10373117
What are the prime factors of 4777339026?
2, 3, 796223171
List the prime factors of 2072506895.
5, 29, 14293151
What are the prime factors of 61906374?
2, 3, 1117, 3079
What are the prime factors of 4225178119?
4139, 1020821
What are the prime factors of 193328415?
3, 5, 7, 613741
What are the prime factors of 313298274?
2, 3, 83, 629113
What are the prime factors of 45841407?
3, 59, 258991
List the prime factors of 32132085.
3, 5, 373, 5743
What are the prime factors of 86772979?
1669, 51991
What are the prime factors of 610583939?
7, 83, 199, 5281
List the prime factors of 24157129.
24157129
List the prime factors of 92909027.
92909027
What are the prime factors of 301272098?
2, 150636049
What are the prime factors of 4464545102?
2, 19, 117488029
What are the prime factors of 130460163?
3, 23, 587, 3221
What are the prime factors of 134474682?
2, 3, 29, 772843
What are the prime factors of 153281310?
2, 3, 5, 7, 13, 617
List the prime factors of 3635179390.
2, 5, 59, 383, 16087
List the prime factors of 33021805.
5, 107, 61723
What are the prime factors of 130275430?
2, 5, 103, 126481
List the prime factors of 288615379.
13, 3761, 5903
What are the prime factors of 3123289830?
2, 3, 5, 23, 4526507
List the prime factors of 693055284.
2, 3, 73, 791159
List the prime factors of 1625573569.
29, 4349, 12889
List the prime factors of 179966867.
179966867
List the prime factors of 1027929194.
2, 193, 2663029
List the prime factors of 1417038202.
2, 19, 1741, 21419
List the prime factors of 69478315.
5, 13895663
What are the prime factors of 606306?
2, 3, 101051
What are the prime factors of 645347704?
2, 80668463
List the prime factors of 98582830.
2, 5, 17, 19, 23, 1327
What are the prime factors of 48007718?
2, 11, 19, 53, 197
List the prime factors of 338802656.
2, 17, 367, 1697
List the prime factors of 97406730.
2, 3, 5, 19, 56963
List the prime factors of 277724593.
4423, 62791
What are the prime factors of 730576028?
2, 7, 13, 2007077
List the prime factors of 145571740.
2, 5, 7278587
What are the prime factors of 121717777?
121717777
What are the prime factors of 197997979?
41, 4829219
What are the prime factors of 127269209?
127269209
What are the prime factors of 386637634?
2, 1811, 106747
List the prime factors of 2727812052.
2, 3, 7, 23, 17431
What are the prime factors of 99649151?
7, 733, 19421
What are the prime factors of 1470926255?
5, 29, 1213, 8363
What are the prime factors of 428637883?
428637883
What are the prime factors of 59558090?
2, 5, 509, 11701
List the prime factors of 513495970.
2, 5, 13, 3949969
List the prime factors of 121984627.
121984627
List the prime factors of 105066116.
2, 23, 229, 4987
List the prime factors of 229427393.
13, 17, 73, 14221
List the prime factors of 725146711.
29, 43, 61, 9533
List the prime factors of 243266792.
2, 1721, 17669
What are the prime factors of 7754847588?
2, 3, 2141, 100613
List the prime factors of 2986550522.
2, 1493275261
What are the prime factors of 16154228?
2, 227, 17791
List the prime factors of 102976184.
2, 79, 162937
What are the prime factors of 42301100?
2, 5, 17, 149, 167
List the prime factors of 780860769.
3, 13, 71, 282001
List the prime factors of 51520739.
241, 313, 683
What are the prime factors of 243446757?
3, 311, 839
What are the prime factors of 686287798?
2, 7, 367, 133571
List the prime factors of 7677931929.
3, 2559310643
List the prime factors of 34068889.
617, 55217
List the prime factors of 26786364.
2, 3, 11, 307, 661
List the prime factors of 216946973.
5813, 37321
What are the prime factors of 2144056367?
71, 787, 38371
List the prime factors of 53794901.
4813, 11177
List the prime factors of 48894044.
2, 23, 531457
What are the prime factors of 742581319?
43, 127, 135979
List the prime factors of 3672581621.
17, 521, 414653
What are the prime factors of 626159984?
2, 149, 262651
What are the prime factors of 5402223953?
7, 6011, 128389
What are the prime factors of 4482800235?
3, 5, 59, 563, 2999
List the prime factors of 1093098640.
2, 5, 17, 803749
List the prime factors of 1727487510.
2, 3, 5, 7, 71, 115861
List the prime factors of 76016017.
7, 11, 19, 223, 233
List the prime factors of 1607120636.
2, 11, 17, 821, 2617
What are the prime factors of 130453287?
3, 43484429
What are the prime factors of 1335328248?
2, 3, 55638677
What are the prime factors of 57031818?
2, 3, 9505303
What are the prime factors of 98963196?
2, 3, 29, 284377
List the prime factors of 2164489930.
2, 5, 59, 139, 26393
What are the prime factors of 3104900205?
3, 5, 11, 18817577
What are the prime factors of 2535778923?
3, 845259641
What are the prime factors of 174982079?
223, 269, 2917
What are the prime factors of 78803149?
113, 697373
List the prime factors of 291734147.
41, 61, 67, 1741
What are the prime factors of 2910826720?
2, 5, 18192667
What are the prime factors of 266837437?
131, 719, 2833
List the prime factors of 25792497.
3, 293, 9781
List the prime factors of 338244256.
2, 7, 23, 83, 113
List the prime factors of 67614185.
5, 17, 795461
List the prime factors of 298976074.
2, 53, 151, 18679
What are the prime factors of 5925788891?
11, 2819, 191099
List the prime factors of 958243325.
5, 13, 31, 95111
List the prime factors of 98877443.
7, 29, 149, 467
What are the prime factors of 842289555?
3, 5, 23, 107, 22817
What are the prime factors of 2172139648?
2, 7, 2424263
List the prime factors of 6794140530.
2, 3, 5, 647, 350033
What are the prime factors of 844622469?
3, 43, 53, 41179
What are the prime factors of 43206017?
659, 65563
List the prime factors of 129517888.
2, 113, 17909
What are the prime factors of 33463028?
2, 19, 440303
List the prime factors of 3216323681.
191, 16839391
What are the prime factors of 369752499?
3, 17, 127, 6343
List the prime factors of 839016900.
2, 3, 5, 310747
List the prime factors of 326543715.
3, 5, 7256527
What are the prime factors of 2257607157?
3, 13, 17, 311, 10949
List the prime factors of 5488769.
11, 13, 131, 293
What are the prime factors of 366288699?
3, 7, 457, 38167
What are the prime factors of 7573811350?
2, 5, 7, 19, 1138919
List the prime factors of 603901995.
3, 5, 40260133
What are the prime factors of 64279248?
2, 3, 11, 53, 2297
List the prime factors of 380880193.
67, 937, 6067
List the prime factors of 29108730.
2, 3, 5, 7, 97, 1429
List the prime factors of 1461724783.
71, 20587673
What are the prime factors of 3684995357?
9923, 371359
List the prime factors of 1181761982.
2, 590880991
What are the prime factors of 65480243?
17, 3851779
List the prime factors of 2013460497.
3, 24857537
List the prime factors of 38499146.
2, 7, 479, 5741
List the prime factors of 90305696.
2, 13, 217081
List the prime factors of 873140592.
2, 3, 19, 41, 1229
What are the prime factors of 3963380038?
2, 1981690019
List the prime factors of 2878862.
2, 7, 205633
List the prime factors of 304697091.
3, 19, 5345563
What are the prime factors of 527944627?
7, 75420661
What are the prime factors of 4153133613?
3, 463, 2990017
What are the prime factors of 105766767?
3, 887, 13249
List the prime factors of 2215911578.
2, 107, 